
What is the hundred thousands digit of 28963083?
9
What is the thousands digit of 861088?
1
What is the ten thousands digit of 24795679?
9
What is the thousands digit of 116708?
6
What is the thousands digit of 13211362?
1
What is the hundred thousands digit of 176234?
1
What is the ten thousands digit of 22662118?
6
What is the hundreds digit of 13810658?
6
What is the hundreds digit of 12033841?
8
What is the ten thousands digit of 595575?
9
What is the hundred thousands digit of 3788171?
7
What is the hundred thousands digit of 260420?
2
What is the thousands digit of 1555593?
5
What is the thousands digit of 227100?
7
What is the tens digit of 2843866?
6
What is the ten thousands digit of 304904?
0
What is the units digit of 2187554?
4
What is the hundreds digit of 523999?
9
What is the thousands digit of 1313819?
3
What is the millions digit of 3476705?
3
What is the tens digit of 112199?
9
What is the thousands digit of 579337?
9
What is the thousands digit of 70895?
0
What is the thousands digit of 728009?
8
What is the ten thousands digit of 415772?
1
What is the tens digit of 53627?
2
What is the hundreds digit of 306219?
2
What is the ten thousands digit of 12136016?
3
What is the units digit of 4965803?
3
What is the units digit of 969052?
2
What is the hundreds digit of 179579?
5
What is the ten millions digit of 22234539?
2
What is the thousands digit of 281066?
1
What is the millions digit of 9595932?
9
What is the ten thousands digit of 5417295?
1
What is the tens digit of 165398?
9
What is the tens digit of 35185?
8
What is the hundreds digit of 1688268?
2
What is the units digit of 556331?
1
What is the tens digit of 158574?
7
What is the millions digit of 1573922?
1
What is the thousands digit of 704330?
4
What is the thousands digit of 13800?
3
What is the hundreds digit of 8796466?
4
What is the hundreds digit of 427469?
4
What is the units digit of 1403565?
5
What is the hundreds digit of 24009?
0
What is the units digit of 1695113?
3
What is the hundreds digit of 12282912?
9
What is the ten thousands digit of 1384109?
8
What is the units digit of 1884067?
7
What is the ten thousands digit of 5830108?
3
What is the units digit of 2852037?
7
What is the ten thousands digit of 446134?
4
What is the hundreds digit of 507812?
8
What is the tens digit of 610377?
7
What is the units digit of 3535994?
4
What is the hundred thousands digit of 1413998?
4
What is the hundreds digit of 4948680?
6
What is the ten thousands digit of 1228948?
2
What is the units digit of 3514982?
2
What is the millions digit of 16537419?
6
What is the ten thousands digit of 10581?
1
What is the hundreds digit of 1943051?
0
What is the hundred thousands digit of 3035064?
0
What is the ten millions digit of 22464086?
2
What is the ten thousands digit of 6948643?
4
What is the hundreds digit of 171289?
2
What is the millions digit of 1673580?
1
What is the tens digit of 388007?
0
What is the hundred thousands digit of 9746086?
7
What is the thousands digit of 16933042?
3
What is the thousands digit of 157753?
7
What is the ten thousands digit of 1305875?
0
What is the ten thousands digit of 25661786?
6
What is the units digit of 1699316?
6
What is the hundreds digit of 972068?
0
What is the hundred thousands digit of 556014?
5
What is the hundred thousands digit of 382377?
3
What is the hundreds digit of 2914340?
3
What is the thousands digit of 1971663?
1
What is the thousands digit of 15418?
5
What is the ten thousands digit of 408104?
0
What is the tens digit of 1814952?
5
What is the units digit of 5309400?
0
What is the hundreds digit of 3842821?
8
What is the millions digit of 1808617?
1
What is the ten thousands digit of 5204530?
0
What is the hundred thousands digit of 4690234?
6
What is the units digit of 385473?
3
What is the millions digit of 1335303?
1
What is the ten thousands digit of 387737?
8
What is the ten thousands digit of 1942012?
4
What is the hundreds digit of 1450405?
4
What is the units digit of 312752?
2
What is the millions digit of 10235147?
0
What is the thousands digit of 52760?
2
What is the hundreds digit of 5554744?
7
What is the hundred thousands digit of 30790337?
7
What is the units digit of 210463?
3
What is the units digit of 3614967?
7
What is the millions digit of 4082825?
4
What is the thousands digit of 80636?
0
What is the thousands digit of 754132?
4
What is the units digit of 186465?
5
What is the tens digit of 829038?
3
What is the hundred thousands digit of 18008199?
0
What is the ten thousands digit of 58336?
5
What is the hundreds digit of 2299069?
0
What is the tens digit of 10597457?
5
What is the tens digit of 10589024?
2
What is the hundred thousands digit of 620194?
6
What is the tens digit of 69742?
4
What is the thousands digit of 581511?
1
What is the hundreds digit of 121362?
3
What is the thousands digit of 90652?
0
What is the tens digit of 814907?
0
What is the thousands digit of 115429?
5
What is the tens digit of 11261351?
5
What is the thousands digit of 6077560?
7
What is the hundred thousands digit of 492171?
4
What is the ten thousands digit of 2545362?
4
What is the units digit of 6583350?
0
What is the units digit of 5037704?
4
What is the hundreds digit of 2902795?
7
What is the units digit of 45668?
8
What is the hundreds digit of 106557?
5
What is the hundreds digit of 565455?
4
What is the hundred thousands digit of 1680261?
6
What is the millions digit of 4518604?
4
What is the hundreds digit of 250799?
7
What is the ten thousands digit of 327395?
2
What is the hundreds digit of 133435?
4
What is the units digit of 4224952?
2
What is the tens digit of 1198904?
0
What is the hundred thousands digit of 29680257?
6
What is the ten thousands digit of 290679?
9
What is the thousands digit of 3437900?
7
What is the hundreds digit of 31625299?
2
What is the hundreds digit of 1032667?
6
What is the thousands digit of 5873279?
3
What is the hundreds digit of 465810?
8
What is the units digit of 1609828?
8
What is the millions digit of 10933014?
0
What is the thousands digit of 2309812?
9
What is the units digit of 108132?
2
What is the ten thousands digit of 4477710?
7
What is the tens digit of 350705?
0
What is the ten thousands digit of 3836462?
3
What is the thousands digit of 598736?
8
What is the tens digit of 63002?
0
What is the units digit of 8066547?
7
What is the hundreds digit of 1523199?
1
What is the hundred thousands digit of 235996?
2
What is the ten thousands digit of 39651?
3
What is the thousands digit of 6864703?
4
What is the units digit of 6047?
7
What is the hundreds digit of 429443?
4
What is the units digit of 438304?
4
What is the hundreds digit of 22304?
3
What is the ten thousands digit of 312121?
1
What is the tens digit of 279234?
3
What is the hundreds digit of 225959?
9
What is the units digit of 17639?
9
What is the hundreds digit of 95578?
5
What is the thousands digit of 387887?
7
What is the ten thousands digit of 50298?
5
What is the units digit of 68051?
1
What is the tens digit of 806957?
5
What is the hundreds digit of 15476244?
2
What is the hundreds digit of 902022?
0
What is the hundred thousands digit of 14060130?
0
What is the units digit of 1223088?
8
What is the hundred thousands digit of 433648?
4
What is the ten thousands digit of 321604?
2
What is the hundred thousands digit of 11741708?
7
What is the tens digit of 1039266?
6
What is the millions digit of 1208147?
1
What is the units digit of 332795?
5
What is the units digit of 992869?
9
What is the thousands digit of 19544980?
4
What is the tens digit of 1280569?
6
What is the hundred thousands digit of 314905?
3
What is the ten thousands digit of 3431395?
3
What is the thousands digit of 290543?
0
What is the thousands digit of 318181?
8
What is the ten millions digit of 11252202?
1
What is the tens digit of 330062?
6
What is the tens digit of 12050674?
7
What is the tens digit of 1003960?
6
What is the units digit of 42865?
5
What is the thousands digit of 926840?
6
What is the thousands digit of 2309975?
9
What is the tens digit of 5476028?
2
What is the millions digit of 5066809?
5
What is the ten millions digit of 14942602?
1
What is the millions digit of 2447972?
2
What is the hun